0 and 1430?
130
What is the highest common divisor of 63 and 20461?
7
Calculate the greatest common factor of 581 and 13861.
83
Calculate the greatest common factor of 556 and 687772.
556
Calculate the greatest common divisor of 6874 and 448.
14
Calculate the greatest common divisor of 17 and 419101.
17
What is the highest common factor of 47620 and 80?
20
What is the greatest common factor of 30739 and 1298?
59
Calculate the greatest common divisor of 340 and 1139.
17
What is the greatest common divisor of 48071 and 159?
53
Calculate the highest common factor of 311 and 406477.
311
Calculate the highest common factor of 136 and 101303.
17
Calculate the greatest common divisor of 576 and 14346.
18
Calculate the highest common factor of 6227 and 3.
1
Calculate the highest common factor of 7979 and 395.
79
Calculate the highest common factor of 5 and 1797245.
5
What is the highest common divisor of 2050 and 4775?
25
What is the greatest common factor of 3040 and 1700?
20
Calculate the greatest common factor of 1095 and 3345.
15
Calculate the greatest common divisor of 119770 and 224.
14
What is the highest common divisor of 66 and 31834?
22
What is the highest common divisor of 438 and 44019?
219
What is the greatest common divisor of 20 and 92020?
20
Calculate the highest common factor of 365 and 13067.
73
Calculate the greatest common factor of 2 and 7597.
1
What is the highest common divisor of 111 and 100788?
111
Calculate the highest common divisor of 116406 and 1115.
223
Calculate the highest common factor of 8 and 2620976.
8
What is the greatest common divisor of 75647 and 143?
143
Calculate the highest common factor of 32 and 50368.
32
Calculate the highest common divisor of 21970 and 260.
130
Calculate the greatest common factor of 17235 and 135.
45
What is the greatest common divisor of 322375 and 25?
25
Calculate the highest common factor of 64 and 187328.
64
What is the greatest common factor of 140 and 560?
140
Calculate the greatest common factor of 25607 and 58.
29
Calculate the highest common factor of 262144 and 2272.
32
Calculate the highest common factor of 501 and 94856.
167
Calculate the greatest common factor of 675 and 12175.
25
Calculate the greatest common divisor of 198300 and 200.
100
What is the greatest common factor of 7088 and 16?
16
What is the greatest common factor of 164270 and 10?
10
What is the highest common factor of 86 and 255119?
43
Calculate the highest common factor of 33 and 159885.
33
What is the highest common factor of 9 and 118467?
9
Calculate the greatest common factor of 4032 and 3192.
168
Calculate the highest common divisor of 12030 and 69.
3
Calculate the highest common factor of 380 and 18905.
95
Calculate the greatest common divisor of 520 and 4890.
10
What is the greatest common factor of 851286 and 1378?
106
What is the greatest common factor of 8368 and 40?
8
Calculate the greatest common factor of 711 and 79.
79
What is the highest common divisor of 5060 and 2902600?
460
Calculate the highest common factor of 408 and 74766.
102
What is the greatest common divisor of 1730 and 9530?
10
What is the greatest common divisor of 44154 and 1166?
22
What is the highest common divisor of 1785287 and 21?
7
What is the highest common divisor of 270660 and 285?
15
What is the highest common divisor of 1230693 and 12?
3
Calculate the highest common divisor of 42940141 and 59.
59
What is the highest common factor of 28695 and 120?
15
Calculate the highest common factor of 864 and 6576.
48
Calculate the greatest common divisor of 13149 and 13636.
487
Calculate the highest common factor of 66517 and 55.
11
What is the greatest common factor of 148031 and 91?
13
Calculate the highest common divisor of 1625 and 3315.
65
What is the highest common divisor of 960908 and 1768?
884
What is the highest common divisor of 137592 and 96?
24
What is the highest common factor of 912 and 30864?
48
What is the highest common divisor of 5440 and 576?
64
Calculate the highest common factor of 424 and 488.
8
What is the highest common divisor of 27066 and 1365?
39
What is the greatest common factor of 72 and 117256?
8
What is the greatest common factor of 188037 and 153?
153
What is the highest common factor of 1820 and 338?
26
What is the greatest common divisor of 589 and 86056?
31
Calculate the highest common divisor of 430 and 9850.
10
What is the greatest common factor of 783 and 2889?
27
Calculate the highest common factor of 688 and 103372.
172
Calculate the highest common factor of 39125 and 5125.
125
What is the highest common divisor of 264 and 87186?
66
Calculate the greatest common factor of 21084 and 1806.
42
What is the greatest common factor of 1892 and 87692?
44
Calculate the highest common factor of 604 and 399244.
604
Calculate the highest common factor of 3125 and 62000.
125
Calculate the highest common divisor of 894683 and 181.
181
Calculate the greatest common factor of 292730 and 12410.
730
Calculate the greatest common factor of 180 and 93315.
15
Calculate the greatest common factor of 22104 and 20.
4
Calculate the highest common divisor of 1274 and 624.
26
What is the greatest common divisor of 5850433 and 599?
599
Calculate the greatest common divisor of 76202 and 1134.
14
What is the greatest common divisor of 256 and 34992?
16
What is the greatest common divisor of 2235459 and 1366?
683
What is the highest common divisor of 5427 and 15957?
81
Calculate the highest common divisor of 2 and 2446.
2
Calculate the greatest common divisor of 5457 and 55998.
51
What is the greatest common divisor of 13013 and 2662?
11
Calculate the highest common divisor of 104 and 439088.
104
What is the highest common factor of 440 and 927760?
40
Calculate the greatest common divisor of 60102 and 106.
106
What is the highest common divisor of 667 and 1073?
29
Calculate the highest common factor of 530379 and 4464.
279
What is the highest common factor of 6808 and 6142?
74
What is the highest common factor of 1464 and 55086?
6
Calculate the greatest common factor of 1038324 and 94.
94
What is the greatest common divisor of 1625 and 15665?
65
What is the highest common factor of 19 and 1783?
1
Calculate the greatest common divisor of 755 and 1270.
5
Calculate the highest common factor of 31740 and 1635.
15
What is the highest common divisor of 64988 and 67144?
308
Calculate the highest common divisor of 35 and 9954.
7
What is the highest common divisor of 83351 and 136?
17
What is the highest common divisor of 405 and 1336095?
405
Calculate the highest common divisor of 400 and 10625.
25
What is the highest common factor of 26001 and 243?
243
What is the greatest common divisor of 10959 and 52?
13
Calculate the highest common divisor of 28 and 29428.
28
What is the highest common divisor of 16767 and 34263?
729
What is the highest common divisor of 1652110 and 50?
10
What is the greatest common divisor of 5246 and 5978?
122
What is the greatest common factor of 19180 and 100?
20
What is the highest common factor of 63744 and 83?
83
What is the highest common divisor of 7498 and 46?
46
Calculate the greatest common factor of 39528 and 2268.
324
Calculate the greatest common factor of 298746 and 252.
126
Calculate the highest common factor of 126770 and 42.
14
What is the greatest common factor of 11526 and 150?
6
What is the greatest common divisor of 3756 and 5947?
313
What is the greatest common divisor of 33768 and 216?
72
Calculate the greatest common factor of 1482 and 44574.
114
What is the highest common divisor of 400724 and 1660?
332
What is the highest common factor of 3951 and 45?
9
Calculate the highest common factor of 4474 and 4.
2
Calculate the highest common divisor of 7282 and 66.
22
What is the highest common factor of 3425 and 7025?
25
What is the highest common divisor of 3480 and 600?
120
What is the highest common divisor of 16665271 and 7?
7
What is the highest common factor of 287485 and 5?
5
Calculate the greatest common factor of 1075 and 34175.
25
What is the highest common factor of 910 and 21994?
14
Calculate the highest common factor of 23775 and 30.
15
What is the greatest common factor of 79 and 1337549?
79
Calculate the greatest common factor of 98 and 343931.
49
What is the great